d by 8?
1
Calculate the remainder when 162085 is divided by 557.
555
What is the remainder when 24988 is divided by 1000?
988
Calculate the remainder when 557297 is divided by 181.
179
What is the remainder when 29736 is divided by 56?
0
What is the remainder when 13406 is divided by 583?
580
Calculate the remainder when 947 is divided by 635.
312
Calculate the remainder when 7000 is divided by 263.
162
Calculate the remainder when 6390 is divided by 1058.
42
What is the remainder when 17720 is divided by 33?
32
What is the remainder when 1219 is divided by 239?
24
What is the remainder when 34886 is divided by 22?
16
Calculate the remainder when 15038 is divided by 278.
26
What is the remainder when 5103 is divided by 146?
139
Calculate the remainder when 4810 is divided by 66.
58
Calculate the remainder when 27881 is divided by 464.
41
What is the remainder when 5722 is divided by 53?
51
Calculate the remainder when 4744 is divided by 372.
280
What is the remainder when 7734 is divided by 313?
222
What is the remainder when 83 is divided by 72?
11
Calculate the remainder when 1368 is divided by 837.
531
Calculate the remainder when 80601 is divided by 178.
145
What is the remainder when 298277 is divided by 2349?
2303
What is the remainder when 146157 is divided by 70?
67
What is the remainder when 2758 is divided by 2756?
2
Calculate the remainder when 3390 is divided by 139.
54
What is the remainder when 94 is divided by 15?
4
Calculate the remainder when 55027 is divided by 373.
196
Calculate the remainder when 35541 is divided by 727.
645
Calculate the remainder when 2163 is divided by 102.
21
Calculate the remainder when 2370860 is divided by 11.
8
What is the remainder when 502 is divided by 221?
60
What is the remainder when 17064 is divided by 2121?
96
Calculate the remainder when 793098 is divided by 396545.
8
Calculate the remainder when 3612 is divided by 81.
48
What is the remainder when 166952 is divided by 5756?
28
Calculate the remainder when 5092 is divided by 102.
94
What is the remainder when 18780 is divided by 204?
12
What is the remainder when 2538 is divided by 1241?
56
Calculate the remainder when 82738 is divided by 853.
850
Calculate the remainder when 29401 is divided by 1837.
9
What is the remainder when 82349 is divided by 564?
5
What is the remainder when 17206 is divided by 3441?
1
Calculate the remainder when 524279 is divided by 102.
101
Calculate the remainder when 30704 is divided by 695.
124
Calculate the remainder when 2238 is divided by 43.
2
What is the remainder when 2618 is divided by 521?
13
Calculate the remainder when 2612 is divided by 530.
492
Calculate the remainder when 1486242 is divided by 173.
172
What is the remainder when 1890 is divided by 866?
158
Calculate the remainder when 220899 is divided by 47.
46
What is the remainder when 28010 is divided by 58?
54
Calculate the remainder when 12480 is divided by 18.
6
Calculate the remainder when 12859 is divided by 3211.
15
Calculate the remainder when 2211 is divided by 2203.
8
What is the remainder when 410 is divided by 22?
14
Calculate the remainder when 74743 is divided by 505.
3
What is the remainder when 33728 is divided by 33670?
58
Calculate the remainder when 66458 is divided by 7383.
11
What is the remainder when 394 is divided by 290?
104
What is the remainder when 223099 is divided by 434?
23
Calculate the remainder when 8130 is divided by 4055.
20
What is the remainder when 681 is divided by 167?
13
What is the remainder when 77276 is divided by 23?
19
Calculate the remainder when 30747 is divided by 33.
24
What is the remainder when 9425 is divided by 12?
5
Calculate the remainder when 70319 is divided by 120.
119
Calculate the remainder when 2358 is divided by 176.
70
Calculate the remainder when 3040 is divided by 82.
6
Calculate the remainder when 18325 is divided by 21.
13
Calculate the remainder when 92732 is divided by 224.
220
Calculate the remainder when 35049 is divided by 1023.
267
Calculate the remainder when 99331 is divided by 555.
541
Calculate the remainder when 17400 is divided by 138.
12
Calculate the remainder when 38610 is divided by 12401.
1407
Calculate the remainder when 17477 is divided by 190.
187
What is the remainder when 31149 is divided by 36?
9
What is the remainder when 375 is divided by 353?
22
Calculate the remainder when 410131 is divided by 2868.
7
Calculate the remainder when 244368 is divided by 169.
163
What is the remainder when 30341 is divided by 78?
77
What is the remainder when 3285 is divided by 1456?
373
What is the remainder when 62539 is divided by 12?
7
What is the remainder when 280 is divided by 108?
64
Calculate the remainder when 4090 is divided by 85.
10
What is the remainder when 77350 is divided by 132?
130
Calculate the remainder when 5734 is divided by 2853.
28
Calculate the remainder when 761 is divided by 87.
65
What is the remainder when 2560 is divided by 219?
151
What is the remainder when 6662 is divided by 1922?
896
Calculate the remainder when 69686 is divided by 1338.
110
Calculate the remainder when 23168 is divided by 506.
398
What is the remainder when 39508 is divided by 19748?
12
Calculate the remainder when 143634 is divided by 116.
26
What is the remainder when 3751 is divided by 126?
97
What is the remainder when 4765 is divided by 926?
135
What is the remainder when 294856 is divided by 7758?
52
What is the remainder when 14685 is divided by 420?
405
What is the remainder when 242787 is divided by 864?
3
What is the remainder when 4978 is divided by 4622?
356
What is the remainder when 3432 is divided by 84?
72
What is the remainder when 1403486 is divided by 8?
6
Calculate the remainder when 457 is divided by 344.
113
What is the remainder when 114259 is divided by 114189?
70
Calculate the remainder when 21000 is divided by 2946.
378
Calculate the remainder when 15274 is divided by 313.
250
What is the remainder when 88699 is divided by 672?
667
Calculate the remainder when 1269267 is divided by 8.
3
What is the remainder when 7434 is divided by 671?
53
Calculate the remainder when 10030 is divided by 114.
112
What is the remainder when 139636 is divided by 222?
220
Calculate the remainder when 6446 is divided by 6004.
442
What is the remainder when 87847 is divided by 24?
7
Calculate the remainder when 6010 is divided by 1232.
1082
What is the remainder when 129981 is divided by 59?
4
Calculate the remainder when 16732 is divided by 929.
10
What is the remainder when 97349 is divided by 55?
54
What is the remainder when 5470 is divided by 16?
14
Calculate the remainder when 14273 is divided by 72.
17
What is the remainder when 811268 is divided by 44?
40
Calculate the remainder when 2221 is divided by 21.
16
Calculate the remainder when 491636 is divided by 32.
20
Calculate the remainder when 972571 is divided by 44.
39
What is the remainder when 14983 is divided by 2784?
1063
Calculate the remainder when 27525 is divided by 485.
365
Calculate the remainder when 8334 is divided by 2332.
1338
Calculate the remainder when 175865 is divided by 8374.
11
Calculate the remainder when 8263 is divided by 1735.
1323
Calculate the remainder when 319560 is divided by 113.
109
What is the remainder when 44532 is divided by 265?
12
Calculate the remainder when 17016 is divided by 2221.
1469
What is the remainder when 1828 is divided by 904?
20
What is the remainder when 1691203 is divided by 11?
8
Calculate the remainder when 38948 is divided by 580.
88
What is the remainder when 420719 is divided by 210348?
23
Calculate the remainder when 5562 is divided by 408.
258
Calculate the remainder when 28459 is divided by 16.
11
Calculate the remainder when 1312 is divided by 607.
98
What is the remainder when 6203 is divided by 6200?
3
What is the remainder when 6259895 is divided by 974?
971
Calculate the remainder when 8422 is divided by 31.
21
Calculate the remainder when 29313 is divided by 534.
477
What is the remainder when 87793 is divided by 10973?
9
Calculate the remainder when 22900 is divided by 197.
48
What is the remainder when 13062 is divided by 34?
6
Calculate the remainder when 28801 is divided by 4783.
103
Calculate the remainder when 2436 is divided b